+ 30. What are the prime factors of v(15)?
2, 3, 5
Let t be (-2)/((32/(-66))/8). Let p = -25 + t. What are the prime factors of (1 - 2/(-4))*p?
2, 3
Let c = 304 - 133. What are the prime factors of c?
3, 19
What are the prime factors of (1 + -363)/(-2) - (22 - 17)?
2, 11
Let r = -3856 - -5993. What are the prime factors of r?
2137
Suppose 6*l - 75 = 15. What are the prime factors of 598/8 + l/12 + -1?
3, 5
Let b be (47 - -4)*(3 - 4/3). Let c = 160 - b. What are the prime factors of c?
3, 5
Let c(a) = -a + 18. Let r be c(10). Let o = 10 - r. Suppose 5*j + d - 325 = 0, 4*j + 3*d = o*d + 259. What are the prime factors of j?
2, 3, 11
Let t(f) = -12*f - 33. List the prime factors of t(-19).
3, 5, 13
Let w = -20 - -25. Suppose w*b = -3*t + 2 + 4, -3*b = -2*t + 4. Suppose 0 = -6*k - t*k + 584. What are the prime factors of k?
73
Let r be 14/10 - (-6)/10. Let s(m) = -m**3 - 2*m**2 + 4*m**3 + 4 - 2*m**3 - r. What are the prime factors of s(2)?
2
Let u(x) = -x**3 + 3*x**2 + 14*x + 3. Let h be u(6). Let i be (-16)/28*h/6. Suppose -i*v + 141 = v. List the prime factors of v.
47
List the prime factors of ((-14)/(-6))/((-4)/(-490 + -2)).
7, 41
Suppose 4*r - 6382 + 508 = -2*m, 2*m = r + 5849. List the prime factors of m.
2927
Let o = -13 + 310. List the prime factors of o.
3, 11
Let m = -108 + 251. Let w = -57 + m. What are the prime factors of w?
2, 43
Suppose c - 2*h = -0*h + 284, 1432 = 5*c + 2*h. What are the prime factors of c?
2, 11, 13
List the prime factors of ((-2)/4)/(154712/30944 + -5).
2, 967
Let i(p) = -p**2 - 78*p - 92. Let z(m) = m**2 + 52*m + 61. Let u(g) = 5*i(g) + 8*z(g). What are the prime factors of u(-12)?
2, 37
Suppose -84 = 5*j - 4*j - 4*k, -5*k = -3*j - 266. Let g = 191 + j. What are the prime factors of g?
3, 11
Let o be -48*(-4 + 14/8 + 3). Let h = o - -290. List the prime factors of h.
2, 127
Let l(i) = -i**2 + 32*i - 40. Let b be ((-189)/36)/(2/(-8) + 0). What are the prime factors of l(b)?
191
Suppose 6714 + 4026 = 10*b. List the prime factors of b.
2, 3, 179
Suppose 4*k + 535 - 1873 = -3*r, 2*k - 3*r = 678. List the prime factors of ((-24)/28)/((-4)/k).
2, 3
Suppose -110 = 5*r + 5*f, -5*f = -4*r - 85 + 6. Let t be (-1)/3 - 49/r. Suppose -j + 69 = t*j. What are the prime factors of j?
23
Let y = 19 - 15. Suppose 0 = y*a - 2*a - 3*o - 95, 195 = 4*a - o. What are the prime factors of a?
7
Let q = 141 - 140. List the prime factors of (1146/(-9))/(2/6 - q).
191
Let y(z) = z + 4. Let v(a) = a**2 + 2*a + 2. Let p be v(-2). Let m be y(p). Suppose 2*x + 60 = m*x. What are the prime factors of x?
3, 5
Suppose 16927 + 1105 = 23*z. What are the prime factors of z?
2, 7
What are the prime factors of 200144/42 + -4 + (-11)/(-3)?
5, 953
List the prime factors of 0 - 0 - (-1995 - (-3 + 4)).
2, 499
Suppose 0 = 209*o - 203*o - 5544. What are the prime factors of o?
2, 3, 7, 11
List the prime factors of 1378/13*(38*-1)/(-2).
2, 19, 53
Suppose -2*x = 5*a - 256, 0 = -2*a + 3*a - 2*x - 56. List the prime factors of a.
2, 13
Suppose v = 4 + 1, 4*u - 425 = -v. What are the prime factors of (-12)/(-9)*u/2?
2, 5, 7
Suppose 19*y - 17*y = 6, -3*y - 4966 = -j. What are the prime factors of j?
5, 199
Suppose 3*q + 3*p - p = 6, 0 = -5*p. Let m be -3 - 11/(33/(-18)). Suppose 0 = -q*y - m*d + 41, 2*d = -0*y + 4*y - 122. What are the prime factors of y?
2, 7
Let g = -413 - -1765. What are the prime factors of g?
2, 13
Suppose 0 = k - 5*h - 53, 0 = 5*k - 8*k + 4*h + 104. Let s be 12/(-3 - (-90)/k). Let w = s - 13. List the prime factors of w.
43
Suppose 4*r = -12, -4*t + 4*r + 196 = -192. Let l(c) = 9*c**2 + 26*c - 109. Let i be l(4). Let a = i - t. What are the prime factors of a?
3, 5
Let s(x) = -7*x**2 - 20*x - 37. Let y(i) = -20*i**2 - 59*i - 112. Let w(m) = 8*s(m) - 3*y(m). List the prime factors of w(-9).
211
What are the prime factors of 2 + -1*(-7286)/(-4)*-2?
3, 5
Suppose -36 = -6*n - 6*n. Suppose -7*m = -2*m + n*q - 993, -m - 5*q + 181 = 0. What are the prime factors of m?
3, 67
Let w be (-8 + -6)/(0 + -1). Let p = w - -36. Suppose -a + p = -14. What are the prime factors of a?
2
Let w = 77 + 281. Suppose 2*a + 72 = w. What are the prime factors of a?
11, 13
Let v = 14 + -11. Suppose v = 2*c - 3. List the prime factors of c/(-3 + 9)*18.
3
Let k(z) be the third derivative of -z**6/120 - z**5/10 - 5*z**4/24 - z**3/6 + 52*z**2. Let m = 7 + -13. What are the prime factors of k(m)?
29
Suppose -12*s = -15*s + 2064. Suppose s = 4*x + 4*w, 0 = -x - 0*x - 4*w + 172. What are the prime factors of x?
2, 43
Suppose 37*c - 35*c = 5*l + 7719, 3*c = -3*l + 11631. List the prime factors of c.
2, 11
Suppose k = 85*s - 88*s + 4186, 0 = 5*k + 4*s - 20886. What are the prime factors of k?
2, 2087
Suppose 0 = a, -5*x = -3*a - 0 - 5. Let b be 27 - 11 - (x - 0). Suppose 0 = -t + b + 35. What are the prime factors of t?
2, 5
Suppose -2 = 3*k - 4*k. Let r = 94 + -78. Let n = k + r. List the prime factors of n.
2, 3
Suppose 16*m - 18*m = -684. What are the prime factors of m?
2, 3, 19
Suppose -7*h = -0*h - 3283. List the prime factors of h.
7, 67
Suppose 3*y - 8*y = -75. Let d = y + 2. List the prime factors of d.
17
Let k = -65 + 61. Let h(t) = -26*t + 16. List the prime factors of h(k).
2, 3, 5
Let a(j) = 2*j**2 + 43*j - 34. What are the prime factors of a(-29)?
401
Suppose 5*u + 200 = 4*b + u, 5*b = 2*u + 259. Suppose 7*d = b + 38. What are the prime factors of d?
13
List the prime factors of (-1)/((-15)/(-10)*2/(-5874)).
2, 11, 89
Let a = 48 - 48. Suppose a*u + 5*b = u - 263, u - b = 271. List the prime factors of u.
3, 7, 13
Let o = -906 - -1525. List the prime factors of o.
619
Let b = -98 - -120. Suppose -2*z = -2*g + b + 54, 0 = -g - z + 38. List the prime factors of g.
2, 19
Let f(u) = 2*u**2 + u + 1696. List the prime factors of f(0).
2, 53
Let c(k) = 84*k + 21. Let d be c(-5). Let p = -239 - d. What are the prime factors of p?
2, 5
Suppose m + 5 = 5*b, -5*m + 2*b - 52 = 4*b. Let x be m/4*(2 - 6). Suppose l + x = 3*l. What are the prime factors of l?
5
List the prime factors of 711 - -3 - (-207)/23.
3, 241
Let r = -349 - -728. What are the prime factors of r?
379
Suppose 2*l - l + q = -1, 3*l + 15 = 3*q. Let h be l/1 - 172/4. Let j = h + 76. What are the prime factors of j?
2, 3, 5
Let j(x) = x**2 - 6*x + 5. Let u be j(6). Suppose -4*i + u*q = -36, 3*i + q - 12 = -i. Suppose 51 = 3*r - i*n - 34, -3*r = -n - 91. List the prime factors of r.
31
Let j be (9/(63/(-4)))/(2/(-7)). Suppose -3*i + j*l = -605, -2*i - 2*l + 191 = -i. What are the prime factors of i?
199
Let j(b) = -19*b**3 - 2*b**2 - 2*b - 1. Let o be j(-1). Suppose 23 + o = m. What are the prime factors of m?
41
Let g(s) = s. Let r(w) = -2*w + 15. Let a(n) = 3*g(n) - r(n). Let h be a(8). Suppose -3*x + 86 + h = 0. What are the prime factors of x?
37
Let a(q) = -q**2 + 4*q - 1. Let h be a(3). Let x be h/(-4)*(-24)/6. What are the prime factors of x/9 - (-561)/27?
3, 7
Let i(a) = 5*a + 1. Let d(s) = -2*s. Let x(f) = -7*d(f) - 3*i(f). Let w be x(-9). List the prime factors of 165/25 - w/10.
2, 3
Suppose -309*d - 8694 = -318*d. What are the prime factors of d?
2, 3, 7, 23
Let x be (12/(-5))/((-3)/(-195)). Let q = 390 + x. What are the prime factors of q/10 - (-4)/(-10)?
23
Let x(p) = -2*p**2 - 13*p + 21. Let z be x(-16). Let v = -66 - z. List the prime factors of v.
7, 31
Let c(g) = g + 18. Let d(r) = -r**3 + 4*r**2 - 4*r + 3. Let w be d(3). Let z be w + (2 - 2) + -16. List the prime factors of c(z).
2
Suppose 34 = 5*z + 14. Let a(i) = 3*i**2 - 2*i - 6. List the prime factors of a(z).
2, 17
Suppose -2*v = 2*r - 4, 4 + 18 = 3*r - 5*v. List the prime factors of (2 - r)*(0 + 354/(-4)).
3, 59
Let c(l) = 2*l**2 - 2*l + 2. What are the prime factors of c(21)?
2, 421
Let i(m) = m**2 - 2*m + 1. Let j be i(3). Suppose -3*d - 274 = -a - 0*d, -4*a + 1112 = j*d. Suppose 6*h + 43 = a. List the prime factors of h.
3, 13
Suppose -n = -2*n + 251. Suppose 0 = -4*d + 3*g + n, 67 = d - 7*g + 2*g. List the prime factors of d.
2, 31
Suppose 140 = -5*w + 160. Suppose 6*z - w*z + 2 = 0, 4*z = 3*t - 244. What are the prime factors of t?
2, 5
What are the prime factors of (8904/10)/(228/570)?
2, 3, 7, 53
Let s(f) = f - 5. Let i be s(22). Let a = i - -64. List the prime factors of a.
3
Suppose -4*b = q - 6*q - 1493, 0 = -5*b + 5*q + 1